
What is the highest common divisor of 5 and 5?
5
What is the highest common divisor of 2480 and 80?
80
What is the highest common factor of 63 and 558?
9
Calculate the highest common factor of 8960 and 720.
80
Calculate the highest common factor of 13 and 416.
13
Calculate the greatest common divisor of 1496 and 136.
136
What is the greatest common factor of 95 and 3040?
95
What is the highest common divisor of 48 and 456?
24
Calculate the greatest common factor of 23 and 3910.
23
What is the highest common divisor of 80 and 170?
10
What is the highest common factor of 3090 and 150?
30
What is the highest common factor of 2967 and 345?
69
Calculate the greatest common factor of 6 and 32.
2
Calculate the greatest common divisor of 136 and 119.
17
What is the highest common divisor of 1034 and 22?
22
What is the highest common factor of 308 and 28?
28
Calculate the greatest common divisor of 1605 and 8667.
321
What is the highest common factor of 144 and 54?
18
Calculate the highest common divisor of 730 and 73.
73
Calculate the highest common factor of 183 and 2867.
61
What is the highest common divisor of 31 and 961?
31
Calculate the greatest common divisor of 5336 and 1856.
232
Calculate the highest common factor of 1690 and 2.
2
Calculate the highest common divisor of 5311 and 376.
47
Calculate the highest common factor of 3268 and 608.
76
What is the greatest common factor of 912 and 266?
38
Calculate the greatest common divisor of 513 and 627.
57
Calculate the highest common factor of 273 and 3731.
91
What is the highest common factor of 15150 and 150?
150
What is the greatest common factor of 360 and 10?
10
What is the greatest common factor of 306 and 119?
17
What is the greatest common factor of 1100 and 500?
100
What is the greatest common divisor of 20 and 18?
2
What is the highest common divisor of 4035 and 30?
15
Calculate the greatest common factor of 16 and 44.
4
What is the greatest common factor of 71 and 5822?
71
Calculate the greatest common factor of 27 and 249.
3
What is the highest common factor of 10 and 410?
10
What is the greatest common divisor of 24 and 232?
8
Calculate the greatest common factor of 110 and 176.
22
Calculate the greatest common divisor of 27 and 5373.
27
Calculate the highest common factor of 11 and 176.
11
Calculate the highest common factor of 1717 and 204.
17
Calculate the highest common factor of 40 and 3176.
8
Calculate the greatest common factor of 2352 and 48.
48
What is the highest common divisor of 1863 and 1725?
69
Calculate the highest common factor of 16135 and 35.
35
Calculate the greatest common factor of 574 and 1558.
82
What is the highest common factor of 441 and 833?
49
What is the greatest common divisor of 1102 and 116?
58
Calculate the greatest common divisor of 760 and 40.
40
What is the greatest common divisor of 14 and 44674?
14
What is the highest common factor of 10208 and 44?
44
Calculate the greatest common factor of 4 and 360.
4
What is the greatest common factor of 238 and 875?
7
Calculate the highest common factor of 10 and 1605.
5
Calculate the highest common divisor of 145 and 15.
5
Calculate the highest common factor of 1264 and 176.
16
Calculate the greatest common divisor of 31 and 124.
31
Calculate the greatest common divisor of 5993 and 13.
13
Calculate the greatest common divisor of 96 and 19808.
32
Calculate the highest common divisor of 28 and 84.
28
What is the highest common divisor of 1184 and 222?
74
Calculate the highest common divisor of 208 and 1430.
26
What is the highest common divisor of 21279 and 123?
123
What is the greatest common factor of 962 and 10138?
74
What is the highest common factor of 62 and 3?
1
Calculate the greatest common factor of 17984 and 64.
64
Calculate the greatest common divisor of 14 and 4634.
14
What is the greatest common factor of 892 and 4?
4
What is the highest common factor of 90 and 165?
15
What is the highest common factor of 4680 and 135?
45
Calculate the highest common factor of 276 and 48.
12
What is the highest common divisor of 6524 and 28?
28
What is the greatest common factor of 45 and 120?
15
What is the highest common divisor of 198 and 9548?
22
Calculate the highest common divisor of 5 and 1025.
5
Calculate the greatest common factor of 6471 and 9.
9
What is the greatest common divisor of 18 and 1098?
18
Calculate the greatest common divisor of 52 and 975.
13
What is the highest common divisor of 70 and 280?
70
Calculate the greatest common divisor of 693 and 21.
21
Calculate the greatest common divisor of 1784 and 104.
8
Calculate the greatest common divisor of 221 and 85.
17
What is the highest common divisor of 3 and 13227?
3
Calculate the highest common divisor of 1239 and 118.
59
Calculate the greatest common divisor of 108 and 960.
12
What is the greatest common factor of 46 and 782?
46
What is the highest common factor of 560 and 315?
35
What is the highest common divisor of 58 and 14?
2
Calculate the highest common factor of 731 and 172.
43
Calculate the greatest common factor of 5 and 665.
5
Calculate the greatest common divisor of 48 and 348.
12
Calculate the highest common divisor of 435 and 225.
15
What is the highest common divisor of 38 and 304?
38
What is the highest common factor of 672 and 588?
84
Calculate the greatest common factor of 4277 and 9541.
329
Calculate the greatest common factor of 496 and 93.
31
Calculate the greatest common divisor of 1078 and 77.
77
What is the highest common factor of 552 and 161?
23
What is the greatest common factor of 39 and 15899?
13
Calculate the highest common divisor of 1751 and 17.
17
What is the highest common divisor of 395 and 30?
5
What is the greatest common divisor of 338 and 1352?
338
Calculate the highest common divisor of 60 and 270.
30
Calculate the highest common factor of 9 and 531.
9
What is the greatest common divisor of 1204 and 140?
28
Calculate the greatest common factor of 270 and 285.
15
Calculate the greatest common factor of 172 and 129.
43
Calculate the highest common factor of 1788 and 12.
12
Calculate the highest common factor of 820 and 10.
10
What is the greatest common divisor of 565 and 15?
5
Calculate the highest common divisor of 136 and 48008.
136
Calculate the greatest common divisor of 215 and 5.
5
Calculate the highest common factor of 4035 and 225.
15
Calculate the greatest common factor of 2023 and 17.
17
Calculate the greatest common factor of 171 and 323.
19
What is the greatest common divisor of 756 and 1323?
189
Calculate the highest common divisor of 523 and 1.
1
What is the greatest common divisor of 31536 and 162?
54
Calculate the greatest common factor of 9664 and 151.
151
What is the highest common divisor of 21 and 5?
1
Calculate the greatest common divisor of 536 and 201.
67
Calculate the greatest common factor of 1944 and 384.
24
What is the highest common factor of 10 and 125?
5
Calculate the greatest common divisor of 231 and 33.
33
What is the greatest common divisor of 162 and 24?
6
Calculate the highest common divisor of 35 and 20.
5
Calculate the highest common divisor of 24 and 78.
6
What is the highest common divisor of 17 and 153?
17
Calculate the highest common factor of 3841 and 437.
23
What is the greatest common factor of 583 and 33?
11
What is the highest common factor of 66 and 506?
22
Calculate the highest common factor of 72 and 348.
12
What is the greatest common divisor of 26 and 17602?
26
What is the greatest common factor of 190 and 114?
38
Calculate the greatest common factor of 648 and 4455.
81
Calculate the highest common divisor of 50 and 30.
10
What is the highest common factor of 33 and 22?
11
What is the highest common factor of 48 and 64?
16
Calculate the greatest common factor of 150 and 5925.
75
What is the greatest common factor of 50 and 7580?
10
Calculate the greatest common factor of 72 and 11700.
36
Calculate the greatest common divisor of 42 and 15918.
42
What is the highest common factor of 510 and 1470?
30
Calculate the highest common divisor of 5 and 295.
5
Calculate the greatest common factor of 515 and 206.
103
What is the greatest common divisor of 336 and 140?
28
Calculate the greatest common factor of 10 and 6.
2
What is the highest common divisor of 525 